
-5
Let u(x) = x**3 + 4*x**2 - 2*x - 2. Suppose 10*q - 5*q - 25 = 0. Suppose -5*k + 427 = -k + q*w, -2*k + 5*w + 191 = 0. Suppose k*c - 4 = 105*c. Determine u(c).
10
Suppose 0 = -2*k + 2, -3*c + 0*k + 2*k = -175. Let w(f) = c*f - 107*f - 2 + 6 + 50*f. What is w(6)?
16
Let j(c) = 3*c + 48. Suppose 0 = 18*m + 251 + 1. Give j(m).
6
Let y(b) = -b. Let h(g) = -17*g - 13. Let l(c) = 2*h(c) - 14*y(c). Give l(0).
-26
Let i(n) be the first derivative of n**2/2 + 8*n - 8753. Determine i(-19).
-11
Let s(p) = 13*p**3 - 14*p**2 - 35*p + 11. Let q(y) = -11*y**3 + 13*y**2 + 34*y - 8. Let j(c) = 6*q(c) + 5*s(c). Calculate j(11).
-37
Let h be -2*1 - (6 + 1510/10). Let q = h + 166. Let c(y) = -y**3 + 8*y**2 - 11*y + 8. What is c(q)?
-20
Let y = -15 - -231. Let k = y + -213. Let u(o) = -o**3 + 4*o**2 - 2*o + 1. What is u(k)?
4
Let v be -4 + 3 + 20/(-5). Let m be v/(80/(-1764)) - (-6)/8. Let n = m + -117. Let d(g) = -g**3 - 7*g**2 - 5*g + 2. What is d(n)?
-4
Let k be ((9 - -64) + 2)*4/10. Suppose -k*j + 32*j = 8. Let u(i) = 60*i - i**2 + j - 60*i. Give u(3).
-5
Let t = 7723 - 7731. Let l(u) = -u + 12. Give l(t).
20
Let q be 2 - ((-6)/3 - -6). Let c(o) = -4*o**2 + 3. Let u be 1*6/4*2. Let i(h) = -5*h**2 - h + 4. Let d(j) = u*c(j) - 2*i(j). Calculate d(q).
-11
Let u(b) = -b + 8. Suppose 4*k = 0, 2*t = -6*k + 7*k + 24. Suppose -3*y - 20 = -5*v, -3*y = -4*v + 7*v - t. Determine u(y).
8
Let h(j) = 2*j**2 + 2*j - 2. Suppose 0 = 3*g + g - 24. Let y(c) = -5*c + 19. Let x be y(g). Let a = x - -9. What is h(a)?
2
Let y be (-132)/(-429)*1*13. Let a(q) = 5*q - 21. Let i(r) = -10*r + 41. Let v(h) = -11*a(h) - 6*i(h). Give v(y).
5
Let v(k) = -13*k**2 + k - 6. Let p be 54/135 - ((-14)/(-10) + -3). Determine v(p).
-56
Let q(j) be the first derivative of -4*j**3/3 + 31*j**2/2 + 41*j - 8007. Give q(9).
-4
Let a(j) = -j**3 + 6*j**2 + 7*j + 5. Let h be 7 - ((-2388)/(-72) + (-6)/36). Suppose 0 = b + 4*b + 165. Let t = h - b. Calculate a(t).
5
Let m = 770 - 596. Suppose -10*g = m - 234. Let k(n) = n**2 - 6*n - 13. Give k(g).
-13
Let x be 2*(-18)/24*(-20)/6. Let m(w) = 25*w**2 + 25*w - 19. Let c(q) = 9*q**2 + 9*q - 7. Let a(i) = 11*c(i) - 4*m(i). Calculate a(x).
-31
Let h = -1844 - -1841. Let b(c) = 11*c + 39. Calculate b(h).
6
Let a be ((-12)/(-3) - 4) + 2. Let f = -5 + a. Let i(o) = o**2 - 5 + 9*o + 13*o + 3 - 19*o. What is i(f)?
-2
Let r be (-6)/3 - (-3 - -5). Let q(j) = -5*j**2 - 2*j + 3. Let m(v) = 215 - 219 + 5*v**2 - 2*v + 5*v. Let h(g) = r*m(g) - 5*q(g). Determine h(1).
4
Suppose 3*q + 3*x = -6, 12*q - x + 6 = 11*q. Let b(w) = 4*w**2 + 19*w + 11. Give b(q).
-1
Suppose 3*i = -4*z + 6*z - 21, 3*z + 16 = -5*i. Suppose -4*n + 190 = 6*n. Let t(d) = n*d - 4 - 32*d + 18*d. What is t(z)?
11
Let l be ((-14)/4 + 3)*6. Let w(i) be the second derivative of i**4/8 + 2*i**3/3 - 46*i**2 - 98*i. Let c(f) be the first derivative of w(f). Give c(l).
-5
Let j(b) be the first derivative of 15*b**2 + 32*b - 4282. Determine j(-1).
2
Suppose -3*y = -f + 31, 7*y = -4*f + 6*y + 124. Suppose -8 = -b, -82*b + 85*b = 3*o - 258. Let r(d) = f*d + d**2 + 27*d + 31*d - o*d. Determine r(4).
-4
Let c(f) = -13*f - 18. Let j(r) = -7*r - 10. Let m(n) = 5*c(n) - 9*j(n). Let t be 3 + (-3)/6*1*4. Determine m(t).
-2
Suppose -3*v + 2*v - 3*b = -14, 4*b = 2*v - 8. Let a(x) = 9*x + v*x - 2 - 16*x. What is a(3)?
1
Let h(i) = -9*i**3 + i + 1. Let q be (-1 - 11)*(-1)/4. Suppose 0 = -2*m + 2, -4*f - 2*m + 1 = -q*f. Calculate h(f).
9
Let s(l) = 24*l**3 + l**2 + 2*l + 1. Suppose 0 = 6*q + q + 8750 - 8743. Give s(q).
-24
Suppose 5 = -3*j - z - 8, -5*z - 17 = 3*j. Let k(v) be the third derivative of 7*v**4/24 + 24*v**2 - 9*v - 18. Determine k(j).
-28
Let i(y) = y**2 - y + 13. Suppose 0 = -q - 15 - 18. Let n = 32 + q. Let w be (((-4)/1)/(-4))/n*0. Calculate i(w).
13
Let m(l) = l**2 - l - 20. Suppose -2*z = -0 - 4. Let b(g) = -48*g - 294. Let u be b(-6). Let s be (z/12)/((-1)/u) - 1. Determine m(s).
-20
Let s(g) = -g**2 - 17*g + 58*g + 0*g**2 - 11*g - 21 - 19*g. Give s(4).
7
Let k(q) = -2*q**2 + q**3 - 4 - 4*q - 4*q**2 - 2. Let i be (33 + -36)/(-5 + 2) + 13 - 7. Calculate k(i).
15
Let f = -3077 - -3069. Let i(d) = 3*d + 20. Give i(f).
-4
Let b(p) = -11*p**2 - 5*p - 37. Let i(a) = 3*a**2 + a + 12. Suppose 0 = 458*w - 455*w + 21. Let c(o) = w*i(o) - 2*b(o). Give c(-5).
0
Let g(i) be the first derivative of -2*i**2 - 3*i + 5606. Suppose -2*x = a - 1, 1 = -3*x + 4. Determine g(a).
1
Let w(a) = 11*a - 34 - 36 + 2*a**2 + 7*a**3 + 48. Let y(p) = 3*p**3 + p**2 + 5*p - 10. Let n(b) = 4*w(b) - 9*y(b). Let f = 6 + -6. Give n(f).
2
Let z(t) = 54*t**2 + 1768*t + 13. Let d(y) = -27*y**2 - 808*y - 6. Let g(n) = -13*d(n) - 6*z(n). Determine g(4).
16
Let y(d) = d**3 + 4*d**2 - 2. Let t be y(-4). Let i(m) be the first derivative of m**4 - m**3/3 - 3*m**2/2 - 2*m + 16884. Calculate i(t).
-32
Suppose -31 = 12*f + 29. Let y(a) = a**3 - 2*a**2 + 2*a - 1. Let s(o) = -5*o**3 + 4*o**2 - 2*o + 8. Let d(r) = -s(r) - 4*y(r). Calculate d(f).
1
Let b be (1150/460)/(2/16). Let h(i) = -i + 3. Determine h(b).
-17
Let t(j) = -j + 20. Let b(g) = 12*g - 312. Let q(l) = -2*b(l) - 36*t(l). Determine q(9).
12
Let i(a) = 2*a - 20. Let r = -5304 + 5322. Give i(r).
16
Suppose 0 = -5*a + 64 - 24. Let k(p) be the first derivative of 4*p**2 + 132 - 3*p**3 + 1/4*p**4 - 6*p. Determine k(a).
-6
Let o = 16 - 24. Let a = -9 - o. Let f(h) = -h**2 + h - 1. Let y(t) = 12*t**2 + t - 2. Let m(w) = a*y(w) + f(w). What is m(-1)?
-12
Let d(n) be the first derivative of n**4/2 - n**3 - 19*n - 492. Calculate d(4).
61
Let b(u) be the second derivative of u**5/30 + u**4/12 - 94*u**3/3 + 151*u. Let j(q) be the second derivative of b(q). Calculate j(1).
6
Let f(w) = -w**3 - 10*w**2 - 16*w - 21. Let v = -18179 + 18171. What is f(v)?
-21
Let j(v) = v**2 - 9*v + 5. Suppose 5*a + 20 = -4*c, 4*c = a + 4*a + 20. Suppose c = z - 5*f, 4*z - 3*f - 15 = 2*f. Give j(z).
-15
Let g(q) = -2*q**2 + 10*q - 1. Let r be g(4). Let p(o) = -2*o**2 - r + 5*o**2 - 2*o**2 + 7*o. Suppose 2*z + 7 = -11. What is p(z)?
11
Let i(k) = 3*k**3 + 6*k**2 - 2*k + 3. Let x(f) = -16*f**3 - 36*f**2 - 4*f - 33. Let q(u) = -5*i(u) - x(u). What is q(-4)?
-6
Let u = 6304 - 6308. Let y(x) = -x**3 - 5*x**2 - 2*x - 1. Give y(u).
-9
Let p(s) = -4 - 6*s - 8*s + 4*s. Let f(j) = -18*j**3 - 6767*j**2 + 372*j - 1508. Let a be f(-376). Determine p(a).
36
Let p(x) be the third derivative of x**5/30 + 5*x**4/12 + 5*x**3/3 + 1218*x**2. What is p(-4)?
2
Let u be (2/(-3))/(4/(-42)). Suppose u + 113 = 5*f. Let v(n) = 14*n - 13*n - 2*n**2 + f*n**2. Calculate v(-1).
21
Suppose -4*w + 11 = m, -34*w + 30*w + 24 = 0. Let b(f) = -f**3 - 16*f**2 - 37*f - 29. Give b(m).
-55
Let z(g) = -g**3 + 6*g**2 + 6*g - 6. Let r(n) = 5*n**2. Let m be r(-1). Suppose -2*c = -5*c + 5*t - m, -35 = -3*c - 5*t. Suppose c*v = 39 - 4. Give z(v).
-13
Let r(v) be the third derivative of -v**3 - 5*v**2 + 1/120*v**6 + 0*v - 1/24*v**4 + 7/60*v**5 + 1. Suppose -4*a - 34 = -3*c, 0*c + 23 = -3*a + c. What is r(a)?
1
Let y = 0 + 5. Let s(h) = -y*h - 5*h**2 - 4 - h**2 + 12 + 5*h**2. Let i(p) = p - 16. Let n be i(10). What is s(n)?
2
Let l be 0 + 2/((-8)/(-12)). Let a(f) = 3*f + 2. Let o(g) = 3*g + 1. Let b(q) = l*o(q) - 2*a(q). Let y = 616 - 614. What is b(y)?
5
Suppose -4*v + 1660 = 5*j, 6*v - 3*v - 4*j = 1276. Let z be 3/6 + v/56. Let x(p) = -p**3 + 7*p**2 + 5*p + 1. Calculate x(z).
-23
Let b(k) = -5*k**3 - 16*k**2 - 18*k - 12. Let l(h) = -14*h**3 - 46*h**2 - 53*h - 34. Let z(d) = -17*b(d) + 6*l(d). What is z(6)?
0
Let i(b) = -b**2 + 10*b - 1. Let a(t) = -t**2 + 142*t - 1677. Let n be a(13). Calculate i(n).
-1
Let c(v) = 24*v - 190. Let m be c(8). Let a(q) = 7*q**2 - 6*q + 3. Let g(d) = -3*d**2 + 3*d - 1. Let u(n) = m*a(n) + 5*g(n). What is u(-2)?
-9
Let g(f) = -f**2 + 11*f - 5. Suppose 37*s - 20 = 32*s. Determine g(s).
23
Let n(g) be the second derivative of -g**4/12 - g**3 + 12*g**2 - 4*g - 85. Determine n(0).
24
Suppose -4*q + 8 = -0*q. Suppose 5*x + 3*o - 4 = 0, -q*x + 2*o - 6 = 7*o. Suppose 8*t + 6 = 4*a + 3*t, 3*a - 8 = x*t. Let k(u) = -u**2 + 5*u - 3. Give k(a).
1
Let u(r) = r**2 - 2*r + 3. Let s(d) = 5*d**2 + 11*d - 4. Let j(g) = s(g) - 4*u(g). Calculate j(-18).
-34
Let h = -601 - -323. Let b = h + 276. Let a(g) = g**2. Calculate a(b).
4
Let w(y) = -23*y**2 - 28*y. Let x(u)